me factors of y.
233
Suppose 0 = -3*p + 12, -10*t - 4*p = -7*t - 4168. List the prime factors of t.
2, 173
What are the prime factors of 19524/(-16)*(5/(-15) + -1)?
1627
Let v(i) = -i + 8. Let s be v(5). Suppose -5*k - s*u = -153, 2*k - 5*u = -2*k + 115. List the prime factors of k.
2, 3, 5
Let x be (-4)/(-10) + (-19063)/(-55). Suppose t + 0*z - 78 = -2*z, -z + x = 4*t. What are the prime factors of t?
2, 11
Let d be (-1)/((1*-2)/(-10)). Suppose 0 = -4*k + 2*q - 6*q + 56, 3*k - 47 = -2*q. Let c = d + k. What are the prime factors of c?
2, 7
Let q be ((-910)/20)/(1/(-2)). Suppose 5*k + 3*x + 19 - 48 = 0, 4*x = 3*k. Suppose k*j = q + 33. What are the prime factors of j?
31
Let v be ((-2)/(-2))/(0 + -1). What are the prime factors of ((-5)/(-10) + 0)/(v/(-362))?
181
Let r be 2/(-1)*1/(-2). Suppose z - 5 = -r. Suppose c - 3*i - 3 = 0, 2*c - i - z*i = 8. List the prime factors of c.
3
Let q be (-12)/9*18/(-12). Suppose k - q*k = -4. Suppose -k*w - 356 = -5*x, -4*x - 5*w = -6*x + 139. What are the prime factors of x?
2, 3
Suppose -151 = -t + c, 180 + 269 = 3*t - 2*c. What are the prime factors of t?
3, 7
Let p = -7 - -9. Suppose -p*a + 64 = 2*a. Suppose -r - a + 60 = 3*s, -3*s + 41 = 4*r. What are the prime factors of s?
3, 5
Let i be 2/1*(-8 + 9). List the prime factors of 78 + (-3)/i*2.
3, 5
Suppose -15054 = -97*c + 71*c. What are the prime factors of c?
3, 193
Let w = 386 - -118. What are the prime factors of w?
2, 3, 7
Let s = 158 + -71. Suppose s = 5*w - 63. List the prime factors of w.
2, 3, 5
Let y(a) = 2*a - 3. Suppose -5*b = 88 - 8. Let c be -9*(2 - b/(-6)). List the prime factors of y(c).
3
Suppose 3*n = -2*u + 10594, u = 5*n - 19360 + 1686. What are the prime factors of n?
2, 3, 19, 31
Let c(s) = s**3 + 27*s**2 - s + 45. List the prime factors of c(-27).
2, 3
Let d be (-8)/5*(-100)/40. Suppose -330 = -d*y - y. List the prime factors of y.
2, 3, 11
Suppose 4*y = x - 451, 0*x + 2*y + 2255 = 5*x. List the prime factors of x.
11, 41
Let m(z) = -19*z + 27. Let t(a) = 28*a - 40. Let v(u) = 7*m(u) + 5*t(u). What are the prime factors of v(6)?
31
Suppose -2*t + 5*p + 73 = -97, 4*p = -4*t + 396. Suppose 49*j - 44*j = t. What are the prime factors of j?
19
What are the prime factors of (-1)/(-2) + (-28104)/(-48)?
2, 293
Suppose 5*o - 11 = -2*u + 4*u, 5*o - 25 = -5*u. Suppose -4*b + 2*a = -150, -2*b + 56 = u*a - 28. List the prime factors of b.
3, 13
Let k(c) = -c**2 - 5*c - 1. Let b be k(-5). Let p be 7 + (-1 - (b - -4)). Suppose p*l + 20 - 95 = 0. List the prime factors of l.
5
Let b be (17 + -11)/((-4)/30). Let p = b + 52. What are the prime factors of p?
7
Suppose 240*d - 255*d = -19650. List the prime factors of d.
2, 5, 131
Let t be (1 + -3)/(2/(-93)). Let x = 472 + -469. Suppose x*k + 2 = 11, -3*v = k - t. What are the prime factors of v?
2, 3, 5
Let j(n) = -n**2 + 10*n - 12. Suppose 9 = 2*d - 7. Let f be j(d). Suppose -f*y + 35 = y. What are the prime factors of y?
7
Let k = -63 + 61. List the prime factors of (12/30)/(k/(-160)).
2
Let g = -3 + 4. Let j be 2/g + (5 - 1). Let a(r) = 11*r - 5. What are the prime factors of a(j)?
61
Let o = 15 - 12. Suppose 5*p = -4*v + 168, -3*v + 2*v + 105 = o*p. What are the prime factors of p?
2, 3
Let a = 1077 + -56. What are the prime factors of a?
1021
Let q be 5*(0 + (-8)/(-20)). Suppose j = -3*d + 2*d + q, 4*d - 23 = j. Suppose 8 = -d*v + 183. List the prime factors of v.
5, 7
Suppose 11*y - 12 = 15*y. Let s(f) = -40*f + 17. What are the prime factors of s(y)?
137
Suppose -u = f + 3, -u = -f + 5 + 2. Suppose 2*l = -f*l + 420. List the prime factors of l.
3, 5, 7
Let p(r) = -r**3 + 13*r**2 + 24*r + 9. What are the prime factors of p(13)?
3, 107
Let o(j) = j + 11. Let f(i) = -i - 22. Let v(t) = -6*f(t) - 11*o(t). List the prime factors of v(-5).
2, 3
List the prime factors of -35*(-9)/45*(0 + 37).
7, 37
Let u(y) = -y**3 - 16*y**2 - 21*y + 16. Let c be u(-15). Let i = 176 - c. List the prime factors of i.
2, 5, 7
Let g be -1 - 2 - -3*(-8)/(-6). List the prime factors of (1 + -9)*(g + -4).
2, 3
Let u(m) = 14*m**2 + 50*m + 102. List the prime factors of u(-15).
2, 3, 139
What are the prime factors of (14988/(-3))/(-4)*3?
3, 1249
Let o(d) be the third derivative of -d**6/120 + 2*d**5/15 - d**4/3 - 5*d**3/6 + 5*d**2. List the prime factors of o(6).
19
Suppose 0 = -4*w + 12, -5*z + 0*w + 48 = -4*w. Suppose q + z = 14. What are the prime factors of q?
2
Let f(n) = n**3 - 3*n**2 - 3*n + 3. Let o be f(3). Let z = 6 + o. Suppose z = t + t - 16. List the prime factors of t.
2
Let q(r) = r**2 - 9*r - 6. Let z be q(10). Suppose 0*h = -z*h + 40. Suppose 5*p = -2*x - 0*p + h, 4*p = 0. List the prime factors of x.
5
Let n(q) = -29 - 5*q + 24 + 9*q. Let g be (-14)/(-4) + (-2)/(-4). List the prime factors of n(g).
11
List the prime factors of 1301 + (7 - 18) - -4.
2, 647
Let x(t) = 3 + 16*t - 4*t**2 + 3*t**2 - 14*t. Let g be x(-2). List the prime factors of (-1 - g)*1 - 1.
3
Let h = 1722 - 29. What are the prime factors of h?
1693
Suppose 14*q = 52*q - 87286. What are the prime factors of q?
2297
Let o(m) be the third derivative of -m**6/120 + 7*m**5/60 - m**4/6 - 5*m**3/3 + 3*m**2. Let n be o(6). List the prime factors of (3 - n)*(2 - -27).
29
Let q be (14/4 - 3)*(1 - 1). Suppose q = 5*r - 1040 - 50. What are the prime factors of r?
2, 109
Suppose 5*u = -v + 377, -3*v - u - 4*u = -1171. What are the prime factors of v?
397
Let c(u) = -u**2 + 18*u - 9. Let k be c(12). Let j = 82 + k. List the prime factors of j.
5, 29
Suppose 0 = -37*v + 96*v - 69266. List the prime factors of v.
2, 587
Let q(f) be the third derivative of -f**4/24 + 19*f**3/6 - 20*f**2. List the prime factors of q(6).
13
Suppose -7*n + 3691 = -1139. List the prime factors of n.
2, 3, 5, 23
Suppose -8*q = 16*q - 13176. What are the prime factors of q?
3, 61
Let x = 131 - 8. Let m be x + -2 - (6 + -8). Suppose -m = 3*i - 6*i. What are the prime factors of i?
41
Suppose -16*u + 19191 = -54185. What are the prime factors of u?
2, 2293
Suppose -25*t - 5715 = -30*t. What are the prime factors of t?
3, 127
Let w(r) = -56*r + 2866. List the prime factors of w(0).
2, 1433
Let s(t) be the second derivative of -8*t**3/3 + 37*t**2/2 - 14*t + 1. What are the prime factors of s(-10)?
197
Let u(w) = w**3 + 44*w**2 - 33*w - 51. List the prime factors of u(-44).
3, 467
Let z = 10 - 37. Let j = -17 - z. What are the prime factors of j?
2, 5
Suppose -549 = -4*o + 2315. What are the prime factors of o?
2, 179
Suppose 0 = -w - 0 + 4. Suppose 811 = 13*r - 229. Suppose -r = -w*y + g + g, 3*g + 40 = 2*y. List the prime factors of y.
2, 5
Let c = 200 - 94. Let k be 712/12*(1 - -2). Let t = k - c. What are the prime factors of t?
2, 3
Suppose 22*g = 15*g + 63. What are the prime factors of ((-6)/g)/((-6)/1233)?
137
Suppose 6*j - 9*j - 12 = 0. Let x = -2 - j. Suppose -x*b + 4 = 3*p - 4, -5*b - 3*p = -20. What are the prime factors of b?
2
Suppose 2*j = -0*j - m + 3, 0 = 3*j + 3*m - 12. What are the prime factors of -1*(-4 + 3)/(j/(-75))?
3, 5
Suppose -1440 = -n + 2*d, 5*n - d - 7165 = 2*d. What are the prime factors of n?
2, 5, 11, 13
Let d = 1192 + 1300. What are the prime factors of d?
2, 7, 89
Suppose 0*z - 3*z + 81 = 0. Let a = z + 7. List the prime factors of a.
2, 17
Let k(o) = 3*o**3 - 2*o**2 - 3. Let q be k(4). Let f = q + 30. What are the prime factors of f?
11, 17
Suppose 4*b - a + 5*a = 8896, -2*b = a - 4451. What are the prime factors of b?
17, 131
Suppose -2*m + 7 - 3 = 0. Let y(b) = b**3 - 4*b**2 - 3*b - 3. Let a be y(6). Suppose -5 + a = m*g. What are the prime factors of g?
23
Suppose 4150 = 5*r + 4*c, 0*c = 4*r + c - 3309. What are the prime factors of r?
2, 7, 59
Let k(f) be the first derivative of f**3 + f - 12. Let o(a) = a**2 + 13*a + 11. Let l be o(-12). What are the prime factors of k(l)?
2
What are the prime factors of ((-159)/(-6))/(13/182)?
7, 53
Let n be (4 + -4)/(1/(-1)). Suppose n*s = 4*s - 692. What are the prime factors of s?
173
Let t = 682 + -435. What are the prime factors of t?
13, 19
List the prime factors of ((-23346)/(-27))/(2/3).
1297
List the prime factors of 28*4*(-37)/(-8).
2, 7, 37
Let r = 884 + -428. List the prime factors of r.
2, 3, 19
Suppose 0 = -3*x + 2*m + 2*m + 6, 0 = 3*x - 5*m - 9. Let z be (x + 0 + 1)*4. What are the prime f